 = -14. What is the remainder when 9 is divided by v?
4
Suppose -2*z - 10 = 18. Let m = -73 - -102. Let t = m + z. What is the remainder when 28 is divided by t?
13
Suppose 4*t - 146 = 442. Calculate the remainder when t is divided by 15.
12
Let g(k) = k**2 + 2*k + k - 2*k + 4. Let c = -1 - -6. Calculate the remainder when g(c) is divided by 18.
16
Calculate the remainder when 14 - (3 + -4) - 2/1 is divided by 7.
6
Suppose 3*i + 22 = 5*i. Let b = i + -8. Calculate the remainder when 11 is divided by b.
2
Suppose q = -a + 5*a + 4, -4*q + 2*a = -16. Calculate the remainder when 5 is divided by q.
1
Suppose -6*f - 60 = -8*f. Let j = 20 + f. Calculate the remainder when j is divided by 17.
16
Suppose 3*a - 2*p = 57, a + 12*p - 8*p - 5 = 0. What is the remainder when a is divided by 14?
3
Calculate the remainder when 4 + (4 - 3) + 20 is divided by 9.
7
Let g be (-6)/4*24/(-9). Suppose 2*m - 4*o = -2*m + 96, -91 = -g*m + 3*o. What is the remainder when 36 is divided by m?
17
Let y(a) = a**2 - 2*a - 3. Calculate the remainder when 61 is divided by y(-5).
29
Suppose 120 = 5*p - 5*u, 0 = -2*p + 4*p - 4*u - 50. Calculate the remainder when p is divided by 13.
10
Let k(a) = -3*a**2 + 27*a - 13. Suppose -2*o - 4*z + 2*z + 2 = 0, o + 3*z + 1 = 0. Suppose -o*j - j = -42. What is the remainder when k(6) is divided by j?
13
Let y = -95 - -345. Suppose -2*i = 2*i + 4*q - 168, 0 = 5*i - 5*q - y. What is the remainder when i is divided by 16?
14
Suppose w + 185 = 6*w. What is the remainder when w is divided by (-175)/(-20) + 10 + (-1)/(-4)?
18
Suppose 1 = j - 2. Suppose 4*t - 10 = 2, -2*w + 19 = 5*t. Suppose -47 = -4*l - 5*r, -w*r + 21 - 7 = l. Calculate the remainder when l is divided by j.
2
Let d = 78 - 64. Calculate the remainder when 23 is divided by d.
9
Suppose 12*a + 304 = 5*j + 10*a, -4*a = 8. What is the remainder when j is divided by 9?
6
Let s be (-21)/14*(-28)/(-6). What is the remainder when (-2)/7 + (-233)/s is divided by 9?
6
Let u = 0 + 0. Let w be (-1)/2*(2 + u). Let t = w + 10. What is the remainder when 25 is divided by t?
7
Let u = 0 + 1. Suppose -2*i + 0*i + 31 = -5*w, 0 = -3*i - w + 21. What is the remainder when 14 - (-1)/(u/1) is divided by i?
7
Suppose 3*m = m + 4. Suppose 5*o - o = -2*z + 18, -m*o = 4*z - 18. Calculate the remainder when 11 is divided by 1 + z + 2/1.
5
Suppose 145 = -2*l + 7*l. Let u = 36 + -26. Calculate the remainder when l is divided by u.
9
Let o be 21 + 1 - 2/2. Suppose -f + 14 = -o. Calculate the remainder when (f/10)/((-1)/(-10)) is divided by 18.
17
Let v be -3*((-2)/(-6) - 1). Suppose v*j - 13 = 5*u + 14, 2*j - 2*u = 30. Suppose c - 30 = -0*c. Calculate the remainder when c is divided by j.
14
Let c be (1 - (1 + 2)) + 114. Suppose -2*w = -4*w + c. Suppose -w = -2*p - 6. Calculate the remainder when p is divided by 13.
12
Suppose v - 24 = -5*u - 6, 2*v = -3*u + 15. Suppose 30 = v*o - 42. What is the remainder when 45 is divided by o?
21
Suppose 5*h - 2*h = -5*k + 112, -4*h + k = -157. Calculate the remainder when h is divided by 14.
11
Suppose 2*w + 4*y - 20 = 0, 3*w + 10 = 4*w - 3*y. What is the remainder when 16 is divided by w?
6
Suppose -b = 4*p - 5*b - 36, 0 = -3*b - 15. What is the remainder when 27 is divided by p?
3
Let m be (-86)/6 - 2/(-6). Suppose 18*x = 18 - 450. What is the remainder when 2 is divided by x/m - 10/(-35)?
0
Suppose -14*m = -12*m - 10. Calculate the remainder when m is divided by 2.
1
Let x = 6 + 22. What is the remainder when x is divided by 9?
1
Let f(y) = 3*y - 54. What is the remainder when 140 is divided by f(34)?
44
Let u = -11 + 10. Calculate the remainder when 24 is divided by 13/1 + 0/u.
11
Suppose x - 1 = 1. Suppose l - 8 - x = 0. What is the remainder when l is divided by 4?
2
Let f(g) = g**2 + 5*g + 9. What is the remainder when 131 is divided by f(-8)?
32
Suppose -29 = -2*m + 11. What is the remainder when m is divided by 7?
6
Let h(s) = s + 7. Let m be h(-10). What is the remainder when 2/m + 196/6 is divided by 11?
10
Let y = -53 - -96. What is the remainder when y is divided by 15?
13
Let n = 0 + -11. Let o = 8 - n. What is the remainder when o is divided by 10?
9
Let a be (2 - 5)*29/(-3). Let q = a + -15. Suppose t + 114 = 5*c + 40, -c + t + q = 0. Calculate the remainder when 44 is divided by c.
14
Suppose j = -2*o + 11, -2*o = -4*o + j + 1. Suppose -o*t = t - 4. Suppose t = q - 3. Calculate the remainder when 6 is divided by q.
2
Let z = 10 + -5. Let o be -1*(z + 0)*-1. Suppose -4*h - v = -3*v - 44, 0 = o*h + 5*v - 55. Calculate the remainder when 32 is divided by h.
10
Suppose -13*g + 3*c = -14*g - 12, 3*c + 18 = g. Suppose -3*w - 2*w + 25 = 0. What is the remainder when w is divided by g?
2
Suppose -g + 26 = -3*u, 3*u = g + 4*g - 154. What is the remainder when g is divided by 7?
4
Let g(m) = -m**2 - 35*m - 74. Calculate the remainder when 108 is divided by g(-32).
20
Let h be -1*(1*-2 + 7). Let v = -11 - h. Let q(z) = -2*z + 1. What is the remainder when 38 is divided by q(v)?
12
Let u(v) = -4*v - 6. Calculate the remainder when u(-8) is divided by 15.
11
Suppose -3*l - 51 = -4*n, 0*l + 23 = 2*n - l. Calculate the remainder when n is divided by 6.
3
Suppose 0 = -2*a - 2*a + 16. Suppose 0 = -f + a*v + 3 + 22, -5*f + v + 30 = 0. Suppose 1 = w - 1. Calculate the remainder when f is divided by w.
1
Suppose -8 = 5*r - 18. Let f = r - -7. What is the remainder when f is divided by 3?
0
What is the remainder when 21 is divided by 110/9 + (-6)/27?
9
Let x be 6 + (-3)/((-9)/(-6)). Suppose 4*z + 167 = 4*l - l, 0 = 5*l - x*z - 273. What is the remainder when l is divided by 18?
17
Let s(z) = z - 2. Let g be s(5). Let b = 1 - g. What is the remainder when 26 is divided by 5/b*(-18)/5?
8
Let b(x) = -75*x**2 - x + 1. Let z be b(1). Let t(v) = -v**3 - 13*v**2 - 12*v - 8. Let c be t(-12). Calculate the remainder when 32 is divided by z/(-7) - c/28.
10
Let g(w) = -2*w**2 - w**3 - 5*w**2 - 3 - 4*w + 0 + 0*w**2. Suppose d + 5*j - 9 = 0, 0 = -d + 2*d + 2*j - 9. What is the remainder when g(-7) is divided by d?
7
Suppose 3*y - 33 = 99. Calculate the remainder when y is divided by 15.
14
Let n = -67 - -104. What is the remainder when n is divided by 10?
7
Let u(o) = 7*o - 31. Let l(a) = -a. Let q(f) = -6*l(f) - u(f). What is the remainder when q(0) is divided by 8?
7
Let a = 7 + -3. Let j(i) be the second derivative of i**4/12 + i**3/3 - 3*i**2 + 12*i. What is the remainder when 52 is divided by j(a)?
16
Suppose 14 = -3*w - 2*q, 0 = -2*w + 2*q - q. Let b be (w/4)/(2/(-12)). What is the remainder when 43 + (b/3 - 0) is divided by 15?
14
Suppose -13*q = -8*q - 50. Let v be 24/(-9)*3/(-2). What is the remainder when v/(-14) + 205/7 is divided by q?
9
Let b = 398 + -238. Let i be (44/55)/((-3)/(-15)). Suppose b = 4*v - i*q, -4*v + 3*q = -7*v + 108. Calculate the remainder when v is divided by 10.
8
Let t(m) = -m**2 + 5*m + 5. Let n be t(5). Let u = -3 + n. Suppose 3*w - u*w = 14. Calculate the remainder when 53 is divided by w.
11
Suppose -7 - 8 = -5*x. Suppose x*q - 7 - 50 = 0. What is the remainder when 74 is divided by q?
17
Let j = -5 - -15. Let l(s) be the first derivative of -3*s**2/2 - 8*s + 1. What is the remainder when l(-9) is divided by j?
9
Suppose 2*p - 56 = 4*u, 0*u + 4*u = -16. What is the remainder when 25 is divided by 192/p + 3/(-5)?
7
Let g(l) = l**3 + 7*l**2 + 4*l - 2. Let s be g(-6). Suppose -6*p = -5*p - s. What is the remainder when 29 is divided by p?
9
Suppose -32 = 4*z - 4. Let t be (-1 - z)/(-1)*-1. Suppose t*k + 32 = 10*k. What is the remainder when 30 is divided by k?
6
Let a = 17 + 1. Let t = 51 - a. What is the remainder when t is divided by 9?
6
Let g(z) = 11*z - 4. Calculate the remainder when 88 is divided by g(2).
16
Suppose 3*u - 26 = -4*a, 2*a = 5*u + 3*a - 15. Let l = 86 - 30. Suppose u*k = 6*k - l. Calculate the remainder when k is divided by 5.
4
Let y(a) = -13*a + 1. Let o = -10 - -6. Let l = o - -3. What is the remainder when y(l) is divided by 8?
6
Let o = 67 + -48. What is the remainder when o is divided by 15/(-9)*(-1 + -2)?
4
Let y = 5 - -2. What is the remainder when (0 - 19)*1*-1 is divided by y?
5
Let l = -8 - -12. Let i = 82 - 80. What is the remainder when l is divided by i?
0
Let z be (1 - (0 + -2)) + -109. Let x = 150 + z. Calculat